tor of 110 and 1670.
10
Calculate the highest common divisor of 230376 and 879798.
1986
Calculate the greatest common factor of 58250736 and 35712.
4464
What is the greatest common divisor of 248727 and 8695691?
4877
What is the greatest common factor of 1812 and 632064558?
906
Calculate the highest common factor of 34737892 and 938.
938
Calculate the highest common divisor of 1067 and 20964319.
97
Calculate the greatest common divisor of 29296 and 277405655.
1831
What is the highest common divisor of 146971305 and 1287?
117
Calculate the greatest common divisor of 908023 and 33723.
1249
Calculate the highest common factor of 9801592 and 516.
172
What is the highest common divisor of 1940 and 231415519?
97
What is the highest common divisor of 1604617 and 29848?
287
What is the highest common divisor of 68185 and 7267472?
1049
What is the greatest common divisor of 689770 and 12190?
230
Calculate the greatest common factor of 88664 and 4192.
8
What is the greatest common factor of 3261405 and 525?
105
What is the highest common divisor of 159 and 308199028?
53
What is the greatest common divisor of 206195771 and 323?
323
What is the highest common factor of 29434088 and 2?
2
What is the greatest common factor of 675076 and 28?
4
What is the greatest common factor of 1325484 and 23940?
36
Calculate the greatest common factor of 269022 and 192.
6
Calculate the greatest common divisor of 495324184 and 11606.
1658
What is the highest common divisor of 61330611 and 3?
3
What is the highest common factor of 120 and 2615367?
3
Calculate the highest common factor of 22117 and 24519947.
1301
Calculate the highest common divisor of 4692 and 1452684.
204
Calculate the greatest common factor of 12336 and 258384.
48
What is the highest common factor of 169739511 and 1347?
1347
Calculate the highest common factor of 119138532 and 332.
332
Calculate the highest common factor of 4030 and 8512972.
806
Calculate the highest common divisor of 8926700 and 54400.
1700
Calculate the highest common factor of 305906491 and 88.
11
Calculate the highest common factor of 19326 and 78.
6
Calculate the highest common divisor of 3055500 and 756.
252
What is the highest common factor of 7563452 and 1664?
52
What is the greatest common divisor of 69651 and 3262095?
639
What is the greatest common factor of 20 and 82089410?
10
Calculate the highest common factor of 50334440 and 20.
20
What is the highest common divisor of 5564274 and 2214?
246
Calculate the greatest common divisor of 26975583 and 225.
9
What is the highest common divisor of 4471 and 137943763?
4471
Calculate the greatest common divisor of 611 and 570792534.
611
Calculate the highest common divisor of 22976293 and 291.
97
Calculate the greatest common divisor of 1298682744 and 1272.
1272
What is the highest common factor of 2802 and 23865568?
934
Calculate the highest common factor of 2752 and 7008656.
688
What is the highest common factor of 2955 and 37494813?
591
What is the greatest common divisor of 247608972 and 36?
36
Calculate the greatest common factor of 38344312 and 3473.
23
Calculate the greatest common factor of 15840 and 118620.
180
Calculate the highest common divisor of 1774652 and 46640.
2332
What is the highest common divisor of 1881 and 7448661?
99
Calculate the greatest common factor of 1247436 and 456.
12
What is the greatest common divisor of 136000 and 12480?
320
Calculate the highest common divisor of 32844745 and 5.
5
Calculate the highest common divisor of 7560 and 6721920.
1080
Calculate the greatest common factor of 560118 and 119067.
1677
Calculate the highest common factor of 95900 and 689521.
959
Calculate the greatest common divisor of 2009 and 64408540.
2009
Calculate the greatest common divisor of 23813553 and 522.
87
What is the highest common factor of 83325 and 295829?
101
Calculate the greatest common factor of 1236 and 34674.
6
Calculate the highest common divisor of 184361352 and 37604.
2212
What is the highest common factor of 3422 and 579911?
59
Calculate the greatest common divisor of 41320 and 823863985.
5165
What is the highest common factor of 132250 and 12951300?
1150
Calculate the greatest common divisor of 2893 and 546960574.
263
What is the highest common divisor of 1272 and 8456044?
212
What is the highest common divisor of 314 and 10051297?
157
Calculate the greatest common divisor of 9384 and 2802960.
408
Calculate the highest common divisor of 36 and 955502208.
36
Calculate the greatest common divisor of 3101953910 and 2596.
1298
Calculate the highest common factor of 3861 and 1002861288.
1287
What is the highest common factor of 6758 and 18118942?
62
What is the greatest common divisor of 7460336 and 16120?
3224
Calculate the greatest common factor of 2277297 and 3267.
99
Calculate the highest common factor of 10234220 and 62.
2
Calculate the highest common factor of 7032 and 9714.
6
Calculate the greatest common factor of 126 and 10004112.
18
What is the highest common factor of 3850 and 278458250?
350
Calculate the highest common factor of 30142662 and 132.
66
Calculate the highest common factor of 5300 and 1765430.
530
Calculate the highest common factor of 58779 and 30429.
189
What is the greatest common divisor of 80 and 1357210?
10
Calculate the highest common divisor of 87538 and 2264570.
3806
Calculate the highest common factor of 235378 and 112970.
286
What is the greatest common divisor of 1633472651 and 79?
79
What is the greatest common divisor of 3684 and 27797622?
1842
Calculate the greatest common divisor of 302565814 and 2217.
739
Calculate the greatest common factor of 7770 and 23470062.
1554
What is the greatest common divisor of 119049 and 3549?
21
Calculate the greatest common divisor of 2453 and 236071.
11
What is the greatest common divisor of 9990097 and 507?
169
Calculate the greatest common divisor of 722142 and 426474.
774
What is the greatest common divisor of 2337 and 645682719?
2337
Calculate the highest common divisor of 1647 and 472750.
61
What is the highest common factor of 1202970 and 24?
6
Calculate the highest common divisor of 33668859 and 21.
21
Calculate the highest common divisor of 135042995 and 18328.
2291
What is the greatest common factor of 2148 and 7584?
12
What is the highest common divisor of 3701883 and 34611?
249
What is the highest common factor of 175134 and 85042?
202
Calculate the highest common factor of 76727 and 657321.
791
What is the highest common factor of 2148 and 241497492?
2148
Calculate the highest common factor of 87 and 830734.
29
Calculate the highest common factor of 25485 and 5235.
15
What is the highest common divisor of 625 and 57635950?
25
Calculate the greatest common factor of 9605 and 2379575.
85
Calculate the greatest common divisor of 216 and 4865697.
27
Calculate the greatest common divisor of 66 and 17334845.
11
What is the greatest common factor of 860074 and 196?
2
Calculate the highest common divisor of 186111414 and 279.
279
Calculate the highest common factor of 2 and 10986791.
1
Calculate the highest common divisor of 42992074 and 8.
2
Calculate the highest common factor of 90522 and 65847.
141
What is the greatest common divisor of 1976608 and 9120?
608
Calculate the greatest common divisor of 1035 and 2457540225.
1035
Calculate the highest common divisor of 5827441 and 184.
23
What is the greatest common factor of 685708121 and 30891?
10297
Calculate the highest common divisor of 8774760 and 8051.
83
What is the greatest common factor of 18468 and 76274784?
972
What is the greatest common divisor of 89076 and 22854?
78
Calculate the greatest common divisor of 813 and 1890767.
271
Calculate the highest common factor of 60498624 and 192.
192
What is the greatest common factor of 31677562 and 3570?
238
What is the greatest common factor of 2748 and 12336459?
687
Calculate the highest common divisor of 216 and 9155646.
54
Calculate the greatest common factor of 758421 and 59670.
153
Calculate the greatest common divisor of 1336393 and 1.
1
Calculate the highest common divisor of 72013844 and 14672.
3668
Calculate the greatest common factor of 143218 and 13130.
202
Calculate the highest common divisor of 254 and 1855532230.
254
Calculate the highest common factor of 1298